{"id":27872,"date":"2026-09-03T15:24:58","date_gmt":"2026-09-03T12:24:58","guid":{"rendered":"https:\/\/agentialuximobiliare.ro\/?post_type=estate_property&#038;p=27872"},"modified":"2026-09-03T15:24:59","modified_gmt":"2026-09-03T12:24:59","slug":"id-20052-apartament-2-camere-e3-str-1848","status":"publish","type":"estate_property","link":"https:\/\/agentialuximobiliare.ro\/en\/proprietate\/id-20052-apartament-2-camere-e3-str-1848\/","title":{"rendered":"ID 20052 | APARTAMENT 2 CAMERE | E3 | STR. 1848"},"content":{"rendered":"\n<p class=\"wp-block-paragraph\">LUX Imobiliare v\u0103 propune spre v\u00e2nzare un apartament cu 2 camere, situat \u00een cartierul E3, pe Strada 1848, una dintre cele mai apreciate zone din Tulcea.<\/p>\n\n\n\n<p class=\"wp-block-paragraph\">Amplasarea este unul dintre marile avantaje ale acestei propriet\u0103\u021bi. La doar c\u00e2\u021biva pa\u0219i reg\u0103si\u021bi Kaufland, magazine, farmacii, \u0219coal\u0103, cabinete medicale, sta\u021bii pentru mijloacele de transport \u00een comun \u0219i numeroase alte facilit\u0103\u021bi care contribuie la un stil de via\u021b\u0103 confortabil.<\/p>\n\n\n\n<p class=\"wp-block-paragraph\">Situat la parter apartamentul este decomandat, are o suprafa\u021b\u0103 de 52 mp \u0219i beneficiaz\u0103 de o compartimentare practic\u0103, potrivit\u0103 at\u00e2t pentru locuire, c\u00e2t \u0219i pentru investi\u021bie:<\/p>\n\n\n\n<p class=\"wp-block-paragraph\">\u2022 Hol de acces;<\/p>\n\n\n\n<p class=\"wp-block-paragraph\">\u2022 Living<\/p>\n\n\n\n<p class=\"wp-block-paragraph\">\u2022 Buc\u0103t\u0103rie<\/p>\n\n\n\n<p class=\"wp-block-paragraph\">\u2022 Dormitor;<\/p>\n\n\n\n<p class=\"wp-block-paragraph\">\u2022 Baie.<\/p>\n\n\n\n<p class=\"wp-block-paragraph\">\u2022Balcon inchis<\/p>\n\n\n\n<p class=\"wp-block-paragraph\">Pentru confortul viitorilor proprietari, apartamentul dispune de:<\/p>\n\n\n\n<p class=\"wp-block-paragraph\"><img decoding=\"async\" height=\"16\" width=\"16\" alt=\"\ud83d\udd35\" src=\"https:\/\/static.xx.fbcdn.net\/images\/emoji.php\/v9\/tef\/1\/16\/1f535.png\"> Central\u0103 termic\u0103 proprie pe gaz;<\/p>\n\n\n\n<p class=\"wp-block-paragraph\"><img decoding=\"async\" height=\"16\" width=\"16\" alt=\"\ud83d\udd35\" src=\"https:\/\/static.xx.fbcdn.net\/images\/emoji.php\/v9\/tef\/1\/16\/1f535.png\"> Izola\u021bie termic\u0103 exterioar\u0103;<\/p>\n\n\n\n<p class=\"wp-block-paragraph\"><img decoding=\"async\" height=\"16\" width=\"16\" alt=\"\ud83d\udd35\" src=\"https:\/\/static.xx.fbcdn.net\/images\/emoji.php\/v9\/tef\/1\/16\/1f535.png\"> Compartimentare decomandat\u0103.<\/p>\n\n\n\n<p class=\"wp-block-paragraph\">Fie c\u0103 sunte\u021bi \u00een c\u0103utarea primei locuin\u021be, a unui apartament pentru familie sau a unei investi\u021bii cu poten\u021bial foarte bun pentru \u00eenchiriere, aceast\u0103 proprietate reprezint\u0103 o alegere inspirat\u0103 datorit\u0103 pozi\u021bion\u0103rii excelente \u0219i compartiment\u0103rii eficiente.<\/p>\n\n\n\n<p class=\"wp-block-paragraph\"><img decoding=\"async\" height=\"16\" width=\"16\" alt=\"\ud83d\udcb0\" src=\"https:\/\/static.xx.fbcdn.net\/images\/emoji.php\/v9\/t5a\/1\/16\/1f4b0.png\"> Pre\u021b: 70.000 Euro<\/p>\n\n\n\n<p class=\"wp-block-paragraph\">PROGRAM\u0102RI VIZION\u0102RI:<\/p>\n\n\n\n<p class=\"wp-block-paragraph\">Marin Nicolae: 0740 374 650<\/p>\n\n\n\n<p class=\"wp-block-paragraph\">Alina: 0744 814 740<\/p>\n\n\n\n<p class=\"wp-block-paragraph\">Ioana: 0756 557 146<\/p>\n\n\n\n<p class=\"wp-block-paragraph\">agentialuximobiliare@gmail.com<\/p>\n\n\n\n<p class=\"wp-block-paragraph\"><a href=\"https:\/\/l.facebook.com\/l.php?u=http%3A%2F%2Fwww.agentialuximobiliare.ro%2F%3Ffbclid%3DIwcGRvZgFleHRuA2FlbQIxMABicmlkETFlczY5TWJhQVp0OVZldEsyc3J0YwZhcHBfaWQQMjIyMDM5MTc4ODIwMDg5MgABHmXpdZL0P6-SNKmuZ7JntPf6IyQDDDac8Z8ElTduSfjls4M42aiRJfg7BvO-_aem_ncgH3ke3ohqHBtMM9XRIpA&amp;h=AUDs5oVTB6OLu6yjsW5iVushpgq9IKCDjI3gTT_ZcxYa45eYaXKaEjoVTovyleMEO4BC7VDIOSrrtElJwXJ6NRe-9sI68-sq_cQk0jlB--AZJLVd7ZTOX66cLUF3ekIejdfg1_JMhxCTwKAo&amp;__tn__=-UK-R&amp;c[0]=AUDnpjeIF8hpSNLG_6iXm_VlSBuD5rWomk719YpD5wfHt8fOrUDMagICcPoL5m04eUqlJm55MvDOjrC_Nq2lKLQK16UoeWr5x82T1152bgZX42fAZyX-W5T5jzDeuj03pzV1CNajg5SSyjtdURtSgmXJs34mWDuWYv2t8Ctmiw\" rel=\"noopener\" target=\"_blank\">www.agentialuximobiliare.ro<\/a><\/p>\n\n\n\n<p class=\"wp-block-paragraph\">Sediul LUX Imobiliare:<\/p>\n\n\n\n<p class=\"wp-block-paragraph\">Str. Babadag, Nr. 12, Bl. 6, Parter (vis-a-vis de CEC Bank)<\/p>\n\n\n\n<p class=\"wp-block-paragraph\">Urm\u0103ri\u021bi-ne pe Facebook, Instagram, TikTok \u0219i YouTube \u2013 Agen\u021bia LUX Imobiliare!<\/p>\n","protected":false},"excerpt":{"rendered":"<p>LUX Imobiliare v\u0103 propune spre v\u00e2nzare un apartament cu 2 camere, situat \u00een cartierul E3, pe Strada 1848, una dintre cele mai apreciate zone din Tulcea. Amplasarea este unul dintre marile avantaje ale acestei propriet\u0103\u021bi. La doar c\u00e2\u021biva pa\u0219i reg\u0103si\u021bi Kaufland, magazine, farmacii, \u0219coal\u0103, cabinete medicale, sta\u021bii pentru mijloacele de transport \u00een comun \u0219i numeroase alte facilit\u0103\u021bi care contribuie la un stil de via\u021b\u0103 &#8230;<\/p>","protected":false},"featured_media":27873,"comment_status":"open","ping_status":"closed","template":"","property_category":[88,22],"property_action_category":[54],"property_city":[81],"property_area":[102],"property_county_state":[43],"property_features":[150,148,83,117],"property_status":[84],"class_list":["post-27872","estate_property","type-estate_property","status-publish","has-post-thumbnail","hentry","property_category-2-camere","property_category-apartmente","property_action_category-vanzari","property_city-tulcea","property_area-cartier-e3","property_county_state-tulcea","property_features-150","property_features-balcon","property_features-centrala","property_features-decomandat","property_status-buna"],"_links":{"self":[{"href":"https:\/\/agentialuximobiliare.ro\/en\/wp-json\/wp\/v2\/estate_property\/27872","targetHints":{"allow":["GET"]}}],"collection":[{"href":"https:\/\/agentialuximobiliare.ro\/en\/wp-json\/wp\/v2\/estate_property"}],"about":[{"href":"https:\/\/agentialuximobiliare.ro\/en\/wp-json\/wp\/v2\/types\/estate_property"}],"replies":[{"embeddable":true,"href":"https:\/\/agentialuximobiliare.ro\/en\/wp-json\/wp\/v2\/comments?post=27872"}],"wp:featuredmedia":[{"embeddable":true,"href":"https:\/\/agentialuximobiliare.ro\/en\/wp-json\/wp\/v2\/media\/27873"}],"wp:attachment":[{"href":"https:\/\/agentialuximobiliare.ro\/en\/wp-json\/wp\/v2\/media?parent=27872"}],"wp:term":[{"taxonomy":"property_category","embeddable":true,"href":"https:\/\/agentialuximobiliare.ro\/en\/wp-json\/wp\/v2\/property_category?post=27872"},{"taxonomy":"property_action_category","embeddable":true,"href":"https:\/\/agentialuximobiliare.ro\/en\/wp-json\/wp\/v2\/property_action_category?post=27872"},{"taxonomy":"property_city","embeddable":true,"href":"https:\/\/agentialuximobiliare.ro\/en\/wp-json\/wp\/v2\/property_city?post=27872"},{"taxonomy":"property_area","embeddable":true,"href":"https:\/\/agentialuximobiliare.ro\/en\/wp-json\/wp\/v2\/property_area?post=27872"},{"taxonomy":"property_county_state","embeddable":true,"href":"https:\/\/agentialuximobiliare.ro\/en\/wp-json\/wp\/v2\/property_county_state?post=27872"},{"taxonomy":"property_features","embeddable":true,"href":"https:\/\/agentialuximobiliare.ro\/en\/wp-json\/wp\/v2\/property_features?post=27872"},{"taxonomy":"property_status","embeddable":true,"href":"https:\/\/agentialuximobiliare.ro\/en\/wp-json\/wp\/v2\/property_status?post=27872"}],"curies":[{"name":"wp","href":"https:\/\/api.w.org\/{rel}","templated":true}]}}

<p class="wp-block-paragraph">LUX Imobiliare vă propune spre vânzare un apartament cu 2 camere, situat în cartierul E3, pe Strada 1848, una dintre cele mai apreciate zone din Tulcea.</p>



<p class="wp-block-paragraph">Amplasarea este unul dintre marile avantaje ale acestei proprietăți. La doar câțiva pași regăsiți Kaufland, magazine, farmacii, școală, cabinete medicale, stații pentru mijloacele de transport în comun și numeroase alte facilități care contribuie la un stil de viață confortabil.</p>



<p class="wp-block-paragraph">Situat la parter apartamentul este decomandat, are o suprafață de 52 mp și beneficiază de o compartimentare practică, potrivită atât pentru locuire, cât și pentru investiție:</p>



<p class="wp-block-paragraph">• Hol de acces;</p>



<p class="wp-block-paragraph">• Living</p>



<p class="wp-block-paragraph">• Bucătărie</p>



<p class="wp-block-paragraph">• Dormitor;</p>



<p class="wp-block-paragraph">• Baie.</p>



<p class="wp-block-paragraph">•Balcon inchis</p>



<p class="wp-block-paragraph">Pentru confortul viitorilor proprietari, apartamentul dispune de:</p>



<p class="wp-block-paragraph"><img decoding="async" height="16" width="16" alt="🔵" src="https://static.xx.fbcdn.net/images/emoji.php/v9/tef/1/16/1f535.png"> Centrală termică proprie pe gaz;</p>



<p class="wp-block-paragraph"><img decoding="async" height="16" width="16" alt="🔵" src="https://static.xx.fbcdn.net/images/emoji.php/v9/tef/1/16/1f535.png"> Izolație termică exterioară;</p>



<p class="wp-block-paragraph"><img decoding="async" height="16" width="16" alt="🔵" src="https://static.xx.fbcdn.net/images/emoji.php/v9/tef/1/16/1f535.png"> Compartimentare decomandată.</p>



<p class="wp-block-paragraph">Fie că sunteți în căutarea primei locuințe, a unui apartament pentru familie sau a unei investiții cu potențial foarte bun pentru închiriere, această proprietate reprezintă o alegere inspirată datorită poziționării excelente și compartimentării eficiente.</p>



<p class="wp-block-paragraph"><img decoding="async" height="16" width="16" alt="💰" src="https://static.xx.fbcdn.net/images/emoji.php/v9/t5a/1/16/1f4b0.png"> Preț: 70.000 Euro</p>



<p class="wp-block-paragraph">PROGRAMĂRI VIZIONĂRI:</p>



<p class="wp-block-paragraph">Marin Nicolae: 0740 374 650</p>



<p class="wp-block-paragraph">Alina: 0744 814 740</p>



<p class="wp-block-paragraph">Ioana: 0756 557 146</p>



<p class="wp-block-paragraph">agentialuximobiliare@gmail.com</p>



<p class="wp-block-paragraph"><a href="https://l.facebook.com/l.php?u=http%3A%2F%2Fwww.agentialuximobiliare.ro%2F%3Ffbclid%3DIwcGRvZgFleHRuA2FlbQIxMABicmlkETFlczY5TWJhQVp0OVZldEsyc3J0YwZhcHBfaWQQMjIyMDM5MTc4ODIwMDg5MgABHmXpdZL0P6-SNKmuZ7JntPf6IyQDDDac8Z8ElTduSfjls4M42aiRJfg7BvO-_aem_ncgH3ke3ohqHBtMM9XRIpA&amp;h=AUDs5oVTB6OLu6yjsW5iVushpgq9IKCDjI3gTT_ZcxYa45eYaXKaEjoVTovyleMEO4BC7VDIOSrrtElJwXJ6NRe-9sI68-sq_cQk0jlB--AZJLVd7ZTOX66cLUF3ekIejdfg1_JMhxCTwKAo&amp;__tn__=-UK-R&amp;c[0]=AUDnpjeIF8hpSNLG_6iXm_VlSBuD5rWomk719YpD5wfHt8fOrUDMagICcPoL5m04eUqlJm55MvDOjrC_Nq2lKLQK16UoeWr5x82T1152bgZX42fAZyX-W5T5jzDeuj03pzV1CNajg5SSyjtdURtSgmXJs34mWDuWYv2t8Ctmiw" rel="noopener" target="_blank">www.agentialuximobiliare.ro</a></p>



<p class="wp-block-paragraph">Sediul LUX Imobiliare:</p>



<p class="wp-block-paragraph">Str. Babadag, Nr. 12, Bl. 6, Parter (vis-a-vis de CEC Bank)</p>



<p class="wp-block-paragraph">Urmăriți-ne pe Facebook, Instagram, TikTok și YouTube – Agenția LUX Imobiliare!</p>

<p>LUX Imobiliare vă propune spre vânzare un apartament cu 2 camere, situat în cartierul E3, pe Strada 1848, una dintre cele mai apreciate zone din Tulcea. Amplasarea este unul dintre marile avantaje ale acestei proprietăți. La doar câțiva pași regăsiți Kaufland, magazine, farmacii, școală, cabinete medicale, stații pentru mijloacele de transport în comun și numeroase alte facilități care contribuie la un stil de viață &#8230;</p>
