{"id":27892,"date":"2026-09-04T15:43:31","date_gmt":"2026-09-04T12:43:31","guid":{"rendered":"https:\/\/agentialuximobiliare.ro\/?post_type=estate_property&#038;p=27892"},"modified":"2026-09-04T15:43:32","modified_gmt":"2026-09-04T12:43:32","slug":"id-667-de-inchiriat-apartament-3-camere-ultracentral","status":"publish","type":"estate_property","link":"https:\/\/agentialuximobiliare.ro\/en\/proprietate\/id-667-de-inchiriat-apartament-3-camere-ultracentral\/","title":{"rendered":"ID 667 DE INCHIRIAT \u2013 Apartament 3 camere ULTRACENTRAL"},"content":{"rendered":"\n<p class=\"wp-block-paragraph\">LUX Imobiliare v\u0103 propune spre \u00eenchiriere un apartament spa\u021bios situat chiar \u00een inima ora\u0219ului Tulcea, \u00eentr-o zon\u0103 care v\u0103 ofer\u0103 acces instant la toate punctele de interes majore.<\/p>\n\n\n\n<p class=\"wp-block-paragraph\">Loca\u021bie ULTRACENTRAL\u0102, la c\u00e2\u021biva pa\u0219i de Pia\u021ba Civic\u0103, restaurante, institu\u021bii publice, magazine \u0219i zone de promenad\u0103.<\/p>\n\n\n\n<p class=\"wp-block-paragraph\">Cu o suprafa\u021b\u0103 generoas\u0103 de 65 mp, apartamentul este SEMIDECOMANDAT, fiind ideal pentru o familie care \u00ee\u0219i dore\u0219te spa\u021biu \u0219i intimitate:<\/p>\n\n\n\n<p class=\"wp-block-paragraph\">COMPARTIMENTARE: Hol de acces, living primitor, 2 dormitoare, buc\u0103t\u0103rie utilat\u0103 si grup sanitar.<\/p>\n\n\n\n<p class=\"wp-block-paragraph\">CONFORT TERMIC: Dotat cu central\u0103 proprie pe gaz \u0219i aparat de aer condi\u021bionat.<\/p>\n\n\n\n<p class=\"wp-block-paragraph\"><img decoding=\"async\" height=\"16\" width=\"16\" alt=\"\ud83d\udcb0\" src=\"https:\/\/static.xx.fbcdn.net\/images\/emoji.php\/v9\/t5a\/1\/16\/1f4b0.png\"> CHIRIE: 500 EURO<\/p>\n\n\n\n<p class=\"wp-block-paragraph\">V\u0103 invit\u0103m s\u0103 descoperi\u021bi o locuin\u021b\u0103 care \u00eembin\u0103 perfect dimensiunile generoase cu loca\u021bia ideal\u0103!<\/p>\n\n\n\n<p class=\"wp-block-paragraph\"><img decoding=\"async\" height=\"16\" width=\"16\" alt=\"\ud83d\udcde\" src=\"https:\/\/static.xx.fbcdn.net\/images\/emoji.php\/v9\/t4d\/1\/16\/1f4de.png\"> PROGRAM\u0102RI VIZION\u0102RI:<\/p>\n\n\n\n<p class=\"wp-block-paragraph\">Marin Nicolae: 0740 374 650<\/p>\n\n\n\n<p class=\"wp-block-paragraph\">Alina: 0744 814 740<\/p>\n\n\n\n<p class=\"wp-block-paragraph\">Ioana: 0756 557 146<\/p>\n\n\n\n<p class=\"wp-block-paragraph\"><img decoding=\"async\" height=\"16\" width=\"16\" alt=\"\ud83d\udce7\" src=\"https:\/\/static.xx.fbcdn.net\/images\/emoji.php\/v9\/tbe\/1\/16\/1f4e7.png\"> agentialuximobiliare@gmail.com<\/p>\n\n\n\n<p class=\"wp-block-paragraph\"><img loading=\"lazy\" decoding=\"async\" height=\"16\" width=\"16\" alt=\"\ud83c\udf10\" src=\"https:\/\/static.xx.fbcdn.net\/images\/emoji.php\/v9\/taa\/1\/16\/1f310.png\"><a href=\"https:\/\/l.facebook.com\/l.php?u=http%3A%2F%2Fwww.agentialuximobiliare.ro%2F%3Ffbclid%3DIwcGRvZgFleHRuA2FlbQIxMABicmlkETFXVG5yU2xZQkgyZTBLMVZNc3J0YwZhcHBfaWQQMjIyMDM5MTc4ODIwMDg5MgABHiQvZ2fdsnR0gO3ghFin0H14eZ50O-n___GPAWwLUoMySlobCz3-dZp6bJps_aem_65GrJINdPkPuX62whpFq_A&amp;h=AUDdVd6VUXQ3LefKTUEh7jahSVK7L53wMkksJOmI0HL6_PIfiCdmXfqJYj-Rb0KWXxDbZFObKjFCuB2KYmETZ7y76gRwIOVDyNotcWI1yU5P0Jo4nBmMGymsQ4_jDZItWeUlWJWOmmAwv5sF&amp;__tn__=-UK-R&amp;c[0]=AUAIcbhXMUfI5-yGwJsNIqgf7Vj9QaZn73whHsvLeDa6PWam3p5GyRRzqjXh5stKd6x91uhSlP-sSI_RNtvZ1pywxKNgIrQ6-qs5xBAQ-DDghivWEgwgMEUf1GnvF_DfOYtiDL9Y_R--_i25KV_csX-cpkXPwixiEXF2kLk4V5_1oYPwT0UNrcszQWo8F5Q\" rel=\"noopener\" target=\"_blank\">www.agentialuximobiliare.ro<\/a><\/p>\n\n\n\n<p class=\"wp-block-paragraph\"><img loading=\"lazy\" decoding=\"async\" height=\"16\" width=\"16\" alt=\"\ud83d\udccd\" src=\"https:\/\/static.xx.fbcdn.net\/images\/emoji.php\/v9\/t2d\/1\/16\/1f4cd.png\"> Sediul LUX Imobiliare: Str. Babadag, Nr. 12, Bl. 6, Parter (vis-a-vis de CEC Bank)<\/p>\n\n\n\n<p class=\"wp-block-paragraph\">Urm\u0103re\u0219te-ne pe Facebook, Instagram, Tik Tok \u0219i You Tube: Agentia Lux Imobiliare!<\/p>\n\n\n\n<figure class=\"wp-block-embed is-type-video is-provider-youtube wp-block-embed-youtube wp-embed-aspect-16-9 wp-has-aspect-ratio\"><div class=\"wp-block-embed__wrapper\">\n<div class=\"video-container\"><iframe title=\"ID 667 DE INCHIRIAT \u2013 Apartament 3 camere ULTRACENTRAL\" width=\"1200\" height=\"675\" src=\"https:\/\/www.youtube.com\/embed\/EAnH8beirc4?feature=oembed\" frameborder=\"0\" allow=\"accelerometer; autoplay; clipboard-write; encrypted-media; gyroscope; picture-in-picture; web-share\" referrerpolicy=\"strict-origin-when-cross-origin\" allowfullscreen><\/iframe><\/div>\n<\/div><\/figure>\n","protected":false},"excerpt":{"rendered":"<p>LUX Imobiliare v\u0103 propune spre \u00eenchiriere un apartament spa\u021bios situat chiar \u00een inima ora\u0219ului Tulcea, \u00eentr-o zon\u0103 care v\u0103 ofer\u0103 acces instant la toate punctele de interes majore. Loca\u021bie ULTRACENTRAL\u0102, la c\u00e2\u021biva pa\u0219i de Pia\u021ba Civic\u0103, restaurante, institu\u021bii publice, magazine \u0219i zone de promenad\u0103. Cu o suprafa\u021b\u0103 generoas\u0103 de 65 mp, apartamentul este SEMIDECOMANDAT, fiind ideal pentru o familie care \u00ee\u0219i dore\u0219te spa\u021biu \u0219i &#8230;<\/p>","protected":false},"featured_media":27894,"comment_status":"open","ping_status":"closed","template":"","property_category":[89,22],"property_action_category":[52],"property_city":[81],"property_area":[82],"property_county_state":[43],"property_features":[221,193,86,148,83,217],"property_status":[],"class_list":["post-27892","estate_property","type-estate_property","status-publish","has-post-thumbnail","hentry","property_category-3-camere","property_category-apartmente","property_action_category-inchirieri","property_city-tulcea","property_area-ultracentral","property_county_state-tulcea","property_features-3-etaj","property_features-acces-stradal","property_features-aer-conditionat","property_features-balcon","property_features-centrala","property_features-etaj"],"_links":{"self":[{"href":"https:\/\/agentialuximobiliare.ro\/en\/wp-json\/wp\/v2\/estate_property\/27892","targetHints":{"allow":["GET"]}}],"collection":[{"href":"https:\/\/agentialuximobiliare.ro\/en\/wp-json\/wp\/v2\/estate_property"}],"about":[{"href":"https:\/\/agentialuximobiliare.ro\/en\/wp-json\/wp\/v2\/types\/estate_property"}],"replies":[{"embeddable":true,"href":"https:\/\/agentialuximobiliare.ro\/en\/wp-json\/wp\/v2\/comments?post=27892"}],"wp:featuredmedia":[{"embeddable":true,"href":"https:\/\/agentialuximobiliare.ro\/en\/wp-json\/wp\/v2\/media\/27894"}],"wp:attachment":[{"href":"https:\/\/agentialuximobiliare.ro\/en\/wp-json\/wp\/v2\/media?parent=27892"}],"wp:term":[{"taxonomy":"property_category","embeddable":true,"href":"https:\/\/agentialuximobiliare.ro\/en\/wp-json\/wp\/v2\/property_category?post=27892"},{"taxonomy":"property_action_category","embeddable":true,"href":"https:\/\/agentialuximobiliare.ro\/en\/wp-json\/wp\/v2\/property_action_category?post=27892"},{"taxonomy":"property_city","embeddable":true,"href":"https:\/\/agentialuximobiliare.ro\/en\/wp-json\/wp\/v2\/property_city?post=27892"},{"taxonomy":"property_area","embeddable":true,"href":"https:\/\/agentialuximobiliare.ro\/en\/wp-json\/wp\/v2\/property_area?post=27892"},{"taxonomy":"property_county_state","embeddable":true,"href":"https:\/\/agentialuximobiliare.ro\/en\/wp-json\/wp\/v2\/property_county_state?post=27892"},{"taxonomy":"property_features","embeddable":true,"href":"https:\/\/agentialuximobiliare.ro\/en\/wp-json\/wp\/v2\/property_features?post=27892"},{"taxonomy":"property_status","embeddable":true,"href":"https:\/\/agentialuximobiliare.ro\/en\/wp-json\/wp\/v2\/property_status?post=27892"}],"curies":[{"name":"wp","href":"https:\/\/api.w.org\/{rel}","templated":true}]}}

<p class="wp-block-paragraph">LUX Imobiliare vă propune spre închiriere un apartament spațios situat chiar în inima orașului Tulcea, într-o zonă care vă oferă acces instant la toate punctele de interes majore.</p>



<p class="wp-block-paragraph">Locație ULTRACENTRALĂ, la câțiva pași de Piața Civică, restaurante, instituții publice, magazine și zone de promenadă.</p>



<p class="wp-block-paragraph">Cu o suprafață generoasă de 65 mp, apartamentul este SEMIDECOMANDAT, fiind ideal pentru o familie care își dorește spațiu și intimitate:</p>



<p class="wp-block-paragraph">COMPARTIMENTARE: Hol de acces, living primitor, 2 dormitoare, bucătărie utilată si grup sanitar.</p>



<p class="wp-block-paragraph">CONFORT TERMIC: Dotat cu centrală proprie pe gaz și aparat de aer condiționat.</p>



<p class="wp-block-paragraph"><img decoding="async" height="16" width="16" alt="💰" src="https://static.xx.fbcdn.net/images/emoji.php/v9/t5a/1/16/1f4b0.png"> CHIRIE: 500 EURO</p>



<p class="wp-block-paragraph">Vă invităm să descoperiți o locuință care îmbină perfect dimensiunile generoase cu locația ideală!</p>



<p class="wp-block-paragraph"><img decoding="async" height="16" width="16" alt="📞" src="https://static.xx.fbcdn.net/images/emoji.php/v9/t4d/1/16/1f4de.png"> PROGRAMĂRI VIZIONĂRI:</p>



<p class="wp-block-paragraph">Marin Nicolae: 0740 374 650</p>



<p class="wp-block-paragraph">Alina: 0744 814 740</p>



<p class="wp-block-paragraph">Ioana: 0756 557 146</p>



<p class="wp-block-paragraph"><img decoding="async" height="16" width="16" alt="📧" src="https://static.xx.fbcdn.net/images/emoji.php/v9/tbe/1/16/1f4e7.png"> agentialuximobiliare@gmail.com</p>



<p class="wp-block-paragraph"><img loading="lazy" decoding="async" height="16" width="16" alt="🌐" src="https://static.xx.fbcdn.net/images/emoji.php/v9/taa/1/16/1f310.png"><a href="https://l.facebook.com/l.php?u=http%3A%2F%2Fwww.agentialuximobiliare.ro%2F%3Ffbclid%3DIwcGRvZgFleHRuA2FlbQIxMABicmlkETFXVG5yU2xZQkgyZTBLMVZNc3J0YwZhcHBfaWQQMjIyMDM5MTc4ODIwMDg5MgABHiQvZ2fdsnR0gO3ghFin0H14eZ50O-n___GPAWwLUoMySlobCz3-dZp6bJps_aem_65GrJINdPkPuX62whpFq_A&amp;h=AUDdVd6VUXQ3LefKTUEh7jahSVK7L53wMkksJOmI0HL6_PIfiCdmXfqJYj-Rb0KWXxDbZFObKjFCuB2KYmETZ7y76gRwIOVDyNotcWI1yU5P0Jo4nBmMGymsQ4_jDZItWeUlWJWOmmAwv5sF&amp;__tn__=-UK-R&amp;c[0]=AUAIcbhXMUfI5-yGwJsNIqgf7Vj9QaZn73whHsvLeDa6PWam3p5GyRRzqjXh5stKd6x91uhSlP-sSI_RNtvZ1pywxKNgIrQ6-qs5xBAQ-DDghivWEgwgMEUf1GnvF_DfOYtiDL9Y_R--_i25KV_csX-cpkXPwixiEXF2kLk4V5_1oYPwT0UNrcszQWo8F5Q" rel="noopener" target="_blank">www.agentialuximobiliare.ro</a></p>



<p class="wp-block-paragraph"><img loading="lazy" decoding="async" height="16" width="16" alt="📍" src="https://static.xx.fbcdn.net/images/emoji.php/v9/t2d/1/16/1f4cd.png"> Sediul LUX Imobiliare: Str. Babadag, Nr. 12, Bl. 6, Parter (vis-a-vis de CEC Bank)</p>



<p class="wp-block-paragraph">Urmărește-ne pe Facebook, Instagram, Tik Tok și You Tube: Agentia Lux Imobiliare!</p>



<figure class="wp-block-embed is-type-video is-provider-youtube wp-block-embed-youtube wp-embed-aspect-16-9 wp-has-aspect-ratio"><div class="wp-block-embed__wrapper">
<div class="video-container"><iframe title="ID 667 DE INCHIRIAT – Apartament 3 camere ULTRACENTRAL" width="1200" height="675" src="https://www.youtube.com/embed/EAnH8beirc4?feature=oembed" frameborder="0" allow="accelerometer; autoplay; clipboard-write; encrypted-media; gyroscope; picture-in-picture; web-share" referrerpolicy="strict-origin-when-cross-origin" allowfullscreen></iframe></div>
</div></figure>

<p>LUX Imobiliare vă propune spre închiriere un apartament spațios situat chiar în inima orașului Tulcea, într-o zonă care vă oferă acces instant la toate punctele de interes majore. Locație ULTRACENTRALĂ, la câțiva pași de Piața Civică, restaurante, instituții publice, magazine și zone de promenadă. Cu o suprafață generoasă de 65 mp, apartamentul este SEMIDECOMANDAT, fiind ideal pentru o familie care își dorește spațiu și &#8230;</p>
